(-1). Let j = k - 22. Calculate the remainder when j is divided by 28.
26
Suppose 0 = 2*s - 6*s + 288. What is the remainder when s is divided by 25?
22
Let r be (-2)/(-2) + 12 - -1. Suppose -g = g - r. Calculate the remainder when 20 is divided by g.
6
Let u = -26 - -36. What is the remainder when (2/4)/(16/608) is divided by u?
9
Suppose -3*g = 0, -3*g - 11 = -l + 16. What is the remainder when l is divided by 15?
12
Let c(s) = -s**2 + 11*s + 4. Let f be c(11). Suppose 292 = 5*u - f*v, 0 = v + 2*v + 9. Let t = 26 + -7. What is the remainder when u is divided by t?
18
Let p(i) = -25*i**3 - 2*i**2 - 2*i - 1. Let u be p(-1). Suppose -m - 2 + u = 0. What is the remainder when m is divided by 4/(-3)*(-5 - 1)?
6
Let p(x) = x + 1. What is the remainder when 25 is divided by p(8)?
7
Let y(w) = -3*w**3 - 3*w**2 + 2. Calculate the remainder when 40 is divided by y(-2).
12
Suppose -4*j + m = -50, 4*m = -2*j + 6*m + 22. Calculate the remainder when 42 is divided by j.
3
What is the remainder when (-3)/9 - (-2 + (-76)/12) is divided by 5?
3
Suppose -142 = -4*r + 3*g + 86, g - 228 = -4*r. Suppose 4*a - r - 51 = 0. Let l = 79 + -65. Calculate the remainder when a is divided by l.
13
Suppose 21 = 5*r + 2*d, 3*r + 5*d - 5 + 0 = 0. Suppose -2*y + r*y - 107 = -5*m, -3*m + 37 = -5*y. Calculate the remainder when 74 is divided by m.
17
Let t = -2 + 32. What is the remainder when 59 is divided by t?
29
Let b(m) = 10*m. Calculate the remainder when b(2) is divided by (-14)/((5 - 3) + -4).
6
Let x be -3*1*(-3)/9. What is the remainder when 23 is divided by x/2 - 23/(-2)?
11
Let v(x) = 72*x**3 + x**2 + x - 2. What is the remainder when v(1) is divided by 15?
12
Suppose 5*a = 5*u - 40, 0 = 5*u + a - 9 - 1. Let o(b) = b**3 + 3. Calculate the remainder when o(0) is divided by u.
0
Suppose 3*b - 81 - 14 = -4*d, -3*b + 55 = -4*d. Suppose 0 = -4*y - 5*h + 25 + b, y = 4*h + 2. Calculate the remainder when 19 is divided by y.
9
Suppose -74 = -3*n - s, -n = -5*n - 2*s + 96. Calculate the remainder when n is divided by 7.
5
Let u = 80 + -60. Calculate the remainder when 77 is divided by u.
17
Let y(m) = 7*m**2 + 3*m - 2. Calculate the remainder when y(2) is divided by 17.
15
Let y(n) = -n**2 - 13*n + 1. Let w = -9 - 1. Let k = -22 - w. What is the remainder when 37 is divided by y(k)?
11
Suppose 0 = 3*g + v - 80, -2*g + 2*v + 43 = -13. Let d(z) = 2*z**2 - 1 + 2*z - 2*z + 13*z**3. What is the remainder when g is divided by d(1)?
13
Suppose -4 = -5*v - 2*j - 0*j, 0 = -4*j - 12. Suppose -64 = -2*l - x + 3*x, 0 = 2*l + v*x - 76. Calculate the remainder when l is divided by 12.
11
What is the remainder when (52 - -4) + -3 + (-2)/(-1) is divided by 29?
26
Let b(t) = 3*t**2 - 2 + 2 - 2 - 3*t. Calculate the remainder when 29 is divided by b(3).
13
Let l = 22 + 24. Suppose 0 = 2*f + 7*f - 108. What is the remainder when l is divided by f?
10
Let c(i) = -i**2 - 22*i - 6. What is the remainder when c(-19) is divided by 11?
7
Suppose 0*p + 5*p = 3*o + 19, 2*p + 5*o - 20 = 0. Let y(a) = 0*a**2 + 0*a**2 - a**3 + 10*a + p*a**2 - 9. Calculate the remainder when y(6) is divided by 8.
7
Let x(d) = 4*d + 2*d - 5 - 3*d + d**2. Let u be 2/(-6) - (-28)/(-6). What is the remainder when 14 is divided by x(u)?
4
Suppose 0 = -q - l - 4*l + 36, -98 = -3*q - 5*l. Calculate the remainder when 183 is divided by q.
28
Suppose -5*x + 1 + 1 = y, -2*y - 1 = 5*x. Let c = 6 - 3. Calculate the remainder when c is divided by x.
0
Suppose p = q - 0 - 3, -q + 3*p + 9 = 0. Suppose -2*m + q*m + 52 = 0. What is the remainder when m is divided by ((-6)/(-8))/(3/36)?
8
Suppose -3*z + 6 = 0, 6*z - 54 = -4*x + z. What is the remainder when 30 is divided by x?
8
Let x(p) = -3 - 2 - 3*p + 1 - 1. What is the remainder when 23 is divided by x(-6)?
10
Let v be -3 - 0 - (-23 - -6). Let t = 22 - v. Calculate the remainder when t is divided by 3.
2
Let i = 6 - -23. Calculate the remainder when i is divided by 8.
5
Suppose -23 - 1 = -3*d + 2*o, -o + 27 = 5*d. Calculate the remainder when 13 is divided by d.
1
Let r = 13 + -21. Let z = 23 + r. Calculate the remainder when 29 is divided by z.
14
Let y(w) = w**2 + w + 7. Let i be y(5). Suppose -4*j = -i - 267. What is the remainder when j is divided by 20?
16
Suppose -5*i + 4*z - 46 - 5 = 0, 5*i + 59 = -4*z. Let o = 18 + i. Let r = 19 - o. Calculate the remainder when 23 is divided by r.
11
Let j = -22 - -16. Let p = j - -25. What is the remainder when 36 is divided by p?
17
Let p = 57 - 23. Suppose 5 = -5*i + 20, -3*k + 9 = i. Suppose -4 + 28 = k*b. Calculate the remainder when p is divided by b.
10
Suppose 31 = -n + 61. What is the remainder when 38 is divided by n?
8
Let t(h) = -h + 17. What is the remainder when 47 is divided by t(4)?
8
Let y = 9 + -9. Calculate the remainder when 6/(y + 3) + 20 is divided by 12.
10
Suppose -20*q + 72 = -18*q. What is the remainder when 71 is divided by q?
35
Suppose 0 = 8*t - 6*t - 16. Let z = 26 + -15. Suppose z + 4 = 5*u. Calculate the remainder when t is divided by u.
2
Let r = 6 - 1. Suppose 40 = -0*o + r*o. Let x(a) = 22*a**2 - a. Calculate the remainder when x(-1) is divided by o.
7
Let t(w) = 2*w**2 + 13*w + 8. What is the remainder when 127 is divided by t(-8)?
31
Let v(u) = u**2 - 7*u - 6. What is the remainder when 45 is divided by v(9)?
9
Suppose 0 = -5*v + 4*v + 3*f + 66, -3*f = -5*v + 306. What is the remainder when v is divided by 7?
4
What is the remainder when (24/7)/(3*8/924) is divided by 27?
24
Suppose -5*p + 222 = -s, 4*s = 4*p + 2*s - 174. What is the remainder when 267 is divided by p?
42
Let x(r) = -30*r**3 + 2*r**2 + r. Let k be (-1 - -2)/2*-2. What is the remainder when x(k) is divided by 11?
9
Let k(g) = 4*g + 7. Suppose 4*r = 5*n - 4 + 19, -2*n = -2. What is the remainder when k(r) is divided by 7?
6
Suppose -5*z - 4*w = -33, 0*w - 11 = -3*z + 2*w. Let g = z + -1. Suppose -g*f = 5*s - 65, 0*f + 4*s = 2*f - 52. What is the remainder when f is divided by 7?
6
Let o = -35 - -52. Suppose -3*i = i. What is the remainder when o is divided by (0 - 1)*-6 + i?
5
Calculate the remainder when 4992/84 - 8/(-14) is divided by 3.
0
Calculate the remainder when 33 is divided by (-6)/(-1) + (7 - 4).
6
Let n(u) = 9*u**3 - 3*u**2 - 2*u - 2 + 0*u**2 - 3*u**3 + 2*u**3. Let i be n(-2). Let q = -45 - i. Calculate the remainder when q is divided by 10.
9
Suppose -4*c - c = -15. Calculate the remainder when 3 is divided by c.
0
Let t(w) = 5*w - 1. Suppose 0 = 2*u - 5*u + 6. Calculate the remainder when 34 is divided by t(u).
7
Let o = 230 - 154. Calculate the remainder when o is divided by 26.
24
Suppose 3*m = 5*i + 79, -3*m + 63 = -3*i - 6. What is the remainder when 71 is divided by m?
17
Let b = -133 + 141. What is the remainder when 27 is divided by b?
3
Suppose -11*w - 45 = -16*w. Calculate the remainder when 33 is divided by w.
6
Let c = 6 + -4. Suppose 0 = c*b - 7 - 1. Calculate the remainder when 27 is divided by -14*(-2)/b*1.
6
Let v be 0/(-3) + -2 - -10. Suppose -5*z + v = -3*i, -i + 5*i = -z - 3. Let f = 10 - 9. What is the remainder when z is divided by f?
0
Suppose -25 - 21 = -2*v. Let w = -5 - -11. What is the remainder when v is divided by w?
5
Let n(b) = -b**2 + 8*b - 2. What is the remainder when -17 + 14 + 41*(0 - -1) is divided by n(3)?
12
Let d(m) = 0*m**2 + 1 + m**2 + 3 + 3*m. Suppose 2*q = l - 3, 5*q = 2*l - 9 - 0. What is the remainder when 7 is divided by d(l)?
3
Let c = -20 + 51. Let a = -61 + c. Calculate the remainder when (-460)/a*(3 - 0) is divided by 12.
10
Let l(y) = 3*y**2 - 3*y + 3. Let v = 3 - 1. Calculate the remainder when 17 is divided by l(v).
8
Let w be (-2 + 2)/3 + 2. Suppose w*s = 17 + 5. What is the remainder when 19 is divided by s?
8
Let j be (1 - 0)/1 - 5. Let n = -130 + 58. Calculate the remainder when 9 is divided by (n/45)/(j/10).
1
Let o be (-2)/10 + 2/10. Let t be (o + 1 + -1)/(-2). Suppose 0 = -h - t + 4, -k - 3*h + 49 = 0. What is the remainder when k is divided by 13?
11
Suppose -4*r - 3*k = -382, 0 = -k - k - 4. What is the remainder when r is divided by 14?
13
Let g(s) = -s**3 + 9*s**2 + 13*s - 11. Calculate the remainder when g(10) is divided by 5.
4
Suppose -2*h + 0*h = -5*g - 126, -5*h - 5*g + 315 = 0. Calculate the remainder when h is divided by 11.
8
Let y(n) = n**2 - 5*n - 13. 